{"id":595,"date":"2026-08-07T01:06:44","date_gmt":"2026-08-07T01:06:44","guid":{"rendered":"https:\/\/aeronauta.com.mx\/aeronauta\/?post_type=jetpack-portfolio&#038;p=595"},"modified":"2026-08-07T07:58:24","modified_gmt":"2026-08-07T07:58:24","slug":"la-bahia-de-mi-vida","status":"publish","type":"jetpack-portfolio","link":"http:\/\/aeronauta.com.mx\/aeronauta\/portfolio\/la-bahia-de-mi-vida\/","title":{"rendered":"La bah\u00eda de mi vida"},"content":{"rendered":"\n<figure class=\"wp-block-embed is-type-video is-provider-youtube wp-block-embed-youtube wp-embed-aspect-16-9 wp-has-aspect-ratio\"><div class=\"wp-block-embed__wrapper\">\n<div class=\"jetpack-video-wrapper\"><iframe loading=\"lazy\" title=\"La Bah\u00eda de Mi Vida - Tr\u00e1iler oficial\" width=\"700\" height=\"394\" src=\"https:\/\/www.youtube.com\/embed\/X-MgeTzZNls?feature=oembed\" frameborder=\"0\" allow=\"accelerometer; autoplay; clipboard-write; encrypted-media; gyroscope; picture-in-picture; web-share\" referrerpolicy=\"strict-origin-when-cross-origin\" allowfullscreen><\/iframe><\/div>\n<\/div><\/figure>\n\n\n\n<p class=\"wp-block-paragraph\"><strong>Director :<\/strong><br>Pedro Pablo Hern\u00e1ndez<br><strong>Fotograf\u00eda a\u00e9rea: <\/strong><br>Miguel Villegas \/ Samuel Pi\u00f1\u00f3n<br><strong>Casa productora: <\/strong><br>Co Crea<\/p>\n\n\n\n<p class=\"wp-block-paragraph\"><\/p>\n","protected":false},"excerpt":{"rendered":"<p>Director :Pedro Pablo Hern\u00e1ndezFotograf\u00eda a\u00e9rea: Miguel Villegas \/ Samuel Pi\u00f1\u00f3nCasa productora: Co Crea<\/p>\n","protected":false},"author":1,"featured_media":596,"comment_status":"closed","ping_status":"closed","template":"","format":"standard","meta":{"footnotes":""},"jetpack-portfolio-type":[2],"jetpack-portfolio-tag":[],"class_list":["post-595","jetpack-portfolio","type-jetpack-portfolio","status-publish","format-standard","has-post-thumbnail","hentry","jetpack-portfolio-type-documental"],"jetpack_sharing_enabled":true,"_links":{"self":[{"href":"http:\/\/aeronauta.com.mx\/aeronauta\/wp-json\/wp\/v2\/jetpack-portfolio\/595","targetHints":{"allow":["GET"]}}],"collection":[{"href":"http:\/\/aeronauta.com.mx\/aeronauta\/wp-json\/wp\/v2\/jetpack-portfolio"}],"about":[{"href":"http:\/\/aeronauta.com.mx\/aeronauta\/wp-json\/wp\/v2\/types\/jetpack-portfolio"}],"author":[{"embeddable":true,"href":"http:\/\/aeronauta.com.mx\/aeronauta\/wp-json\/wp\/v2\/users\/1"}],"replies":[{"embeddable":true,"href":"http:\/\/aeronauta.com.mx\/aeronauta\/wp-json\/wp\/v2\/comments?post=595"}],"version-history":[{"count":1,"href":"http:\/\/aeronauta.com.mx\/aeronauta\/wp-json\/wp\/v2\/jetpack-portfolio\/595\/revisions"}],"predecessor-version":[{"id":597,"href":"http:\/\/aeronauta.com.mx\/aeronauta\/wp-json\/wp\/v2\/jetpack-portfolio\/595\/revisions\/597"}],"wp:featuredmedia":[{"embeddable":true,"href":"http:\/\/aeronauta.com.mx\/aeronauta\/wp-json\/wp\/v2\/media\/596"}],"wp:attachment":[{"href":"http:\/\/aeronauta.com.mx\/aeronauta\/wp-json\/wp\/v2\/media?parent=595"}],"wp:term":[{"taxonomy":"jetpack-portfolio-type","embeddable":true,"href":"http:\/\/aeronauta.com.mx\/aeronauta\/wp-json\/wp\/v2\/jetpack-portfolio-type?post=595"},{"taxonomy":"jetpack-portfolio-tag","embeddable":true,"href":"http:\/\/aeronauta.com.mx\/aeronauta\/wp-json\/wp\/v2\/jetpack-portfolio-tag?post=595"}],"curies":[{"name":"wp","href":"https:\/\/api.w.org\/{rel}","templated":true}]}}

La bahía de mi vida

<figure class="wp-block-embed is-type-video is-provider-youtube wp-block-embed-youtube wp-embed-aspect-16-9 wp-has-aspect-ratio"><div class="wp-block-embed__wrapper">
<div class="jetpack-video-wrapper"><iframe loading="lazy" title="La Bahía de Mi Vida - Tráiler oficial" width="700" height="394" src="https://www.youtube.com/embed/X-MgeTzZNls?feature=oembed" frameborder="0" allow="accelerometer; autoplay; clipboard-write; encrypted-media; gyroscope; picture-in-picture; web-share" referrerpolicy="strict-origin-when-cross-origin" allowfullscreen></iframe></div>
</div></figure>



<p class="wp-block-paragraph"><strong>Director :</strong><br>Pedro Pablo Hernández<br><strong>Fotografía aérea: </strong><br>Miguel Villegas / Samuel Piñón<br><strong>Casa productora: </strong><br>Co Crea</p>



<p class="wp-block-paragraph"></p>

<p>Director :Pedro Pablo HernándezFotografía aérea: Miguel Villegas / Samuel PiñónCasa productora: Co Crea</p>
