{"id":616,"date":"2024-07-30T22:10:23","date_gmt":"2024-07-30T22:10:23","guid":{"rendered":"https:\/\/aeronauta.com.mx\/aeronauta\/?post_type=jetpack-portfolio&#038;p=616"},"modified":"2026-08-07T07:21:01","modified_gmt":"2026-08-07T07:21:01","slug":"playback","status":"publish","type":"jetpack-portfolio","link":"http:\/\/aeronauta.com.mx\/aeronauta\/portfolio\/playback\/","title":{"rendered":"Playback"},"content":{"rendered":"\n<figure class=\"wp-block-embed is-type-video is-provider-youtube wp-block-embed-youtube wp-embed-aspect-16-9 wp-has-aspect-ratio\"><div class=\"wp-block-embed__wrapper\">\n<div class=\"jetpack-video-wrapper\"><iframe loading=\"lazy\" title=\"Playback: Una somos dos | Tr\u00e1iler oficial | Disney+\" width=\"700\" height=\"394\" src=\"https:\/\/www.youtube.com\/embed\/MbzDjwVzH_w?feature=oembed\" frameborder=\"0\" allow=\"accelerometer; autoplay; clipboard-write; encrypted-media; gyroscope; picture-in-picture; web-share\" referrerpolicy=\"strict-origin-when-cross-origin\" allowfullscreen><\/iframe><\/div>\n<\/div><\/figure>\n\n\n\n<p class=\"wp-block-paragraph\"><strong>Director: <\/strong><br>Andr\u00e9s Lizarazo<br><strong>Fotograf\u00eda a\u00e9rea:<\/strong> <br>Miguel Villegas \/ Gerardo Miranda<br><strong>Casa productora: <\/strong><br>Disney<\/p>\n","protected":false},"excerpt":{"rendered":"<p>Director: Andr\u00e9s LizarazoFotograf\u00eda a\u00e9rea: Miguel Villegas \/ Gerardo MirandaCasa productora: Disney<\/p>\n","protected":false},"author":1,"featured_media":617,"comment_status":"closed","ping_status":"closed","template":"","format":"standard","meta":{"footnotes":""},"jetpack-portfolio-type":[27],"jetpack-portfolio-tag":[],"class_list":["post-616","jetpack-portfolio","type-jetpack-portfolio","status-publish","format-standard","has-post-thumbnail","hentry","jetpack-portfolio-type-tvfilm"],"jetpack_sharing_enabled":true,"_links":{"self":[{"href":"http:\/\/aeronauta.com.mx\/aeronauta\/wp-json\/wp\/v2\/jetpack-portfolio\/616","targetHints":{"allow":["GET"]}}],"collection":[{"href":"http:\/\/aeronauta.com.mx\/aeronauta\/wp-json\/wp\/v2\/jetpack-portfolio"}],"about":[{"href":"http:\/\/aeronauta.com.mx\/aeronauta\/wp-json\/wp\/v2\/types\/jetpack-portfolio"}],"author":[{"embeddable":true,"href":"http:\/\/aeronauta.com.mx\/aeronauta\/wp-json\/wp\/v2\/users\/1"}],"replies":[{"embeddable":true,"href":"http:\/\/aeronauta.com.mx\/aeronauta\/wp-json\/wp\/v2\/comments?post=616"}],"version-history":[{"count":1,"href":"http:\/\/aeronauta.com.mx\/aeronauta\/wp-json\/wp\/v2\/jetpack-portfolio\/616\/revisions"}],"predecessor-version":[{"id":618,"href":"http:\/\/aeronauta.com.mx\/aeronauta\/wp-json\/wp\/v2\/jetpack-portfolio\/616\/revisions\/618"}],"wp:featuredmedia":[{"embeddable":true,"href":"http:\/\/aeronauta.com.mx\/aeronauta\/wp-json\/wp\/v2\/media\/617"}],"wp:attachment":[{"href":"http:\/\/aeronauta.com.mx\/aeronauta\/wp-json\/wp\/v2\/media?parent=616"}],"wp:term":[{"taxonomy":"jetpack-portfolio-type","embeddable":true,"href":"http:\/\/aeronauta.com.mx\/aeronauta\/wp-json\/wp\/v2\/jetpack-portfolio-type?post=616"},{"taxonomy":"jetpack-portfolio-tag","embeddable":true,"href":"http:\/\/aeronauta.com.mx\/aeronauta\/wp-json\/wp\/v2\/jetpack-portfolio-tag?post=616"}],"curies":[{"name":"wp","href":"https:\/\/api.w.org\/{rel}","templated":true}]}}

<figure class="wp-block-embed is-type-video is-provider-youtube wp-block-embed-youtube wp-embed-aspect-16-9 wp-has-aspect-ratio"><div class="wp-block-embed__wrapper">
<div class="jetpack-video-wrapper"><iframe loading="lazy" title="Playback: Una somos dos | Tráiler oficial | Disney+" width="700" height="394" src="https://www.youtube.com/embed/MbzDjwVzH_w?feature=oembed" frameborder="0" allow="accelerometer; autoplay; clipboard-write; encrypted-media; gyroscope; picture-in-picture; web-share" referrerpolicy="strict-origin-when-cross-origin" allowfullscreen></iframe></div>
</div></figure>



<p class="wp-block-paragraph"><strong>Director: </strong><br>Andrés Lizarazo<br><strong>Fotografía aérea:</strong> <br>Miguel Villegas / Gerardo Miranda<br><strong>Casa productora: </strong><br>Disney</p>

<p>Director: Andrés LizarazoFotografía aérea: Miguel Villegas / Gerardo MirandaCasa productora: Disney</p>
