{"id":629,"date":"2024-07-30T22:26:20","date_gmt":"2024-07-30T22:26:20","guid":{"rendered":"https:\/\/aeronauta.com.mx\/aeronauta\/?post_type=jetpack-portfolio&#038;p=629"},"modified":"2026-08-07T07:46:44","modified_gmt":"2026-08-07T07:46:44","slug":"entre-paredes","status":"publish","type":"jetpack-portfolio","link":"http:\/\/aeronauta.com.mx\/aeronauta\/portfolio\/entre-paredes\/","title":{"rendered":"Entre Paredes"},"content":{"rendered":"\n<figure class=\"wp-block-embed is-type-video is-provider-youtube wp-block-embed-youtube wp-embed-aspect-16-9 wp-has-aspect-ratio\"><div class=\"wp-block-embed__wrapper\">\n<div class=\"jetpack-video-wrapper\"><iframe loading=\"lazy\" title=\"Entre Paredes | Tr\u00e1iler oficial | Disney+\" width=\"700\" height=\"394\" src=\"https:\/\/www.youtube.com\/embed\/CGeSaVMNfy8?feature=oembed\" frameborder=\"0\" allow=\"accelerometer; autoplay; clipboard-write; encrypted-media; gyroscope; picture-in-picture; web-share\" referrerpolicy=\"strict-origin-when-cross-origin\" allowfullscreen><\/iframe><\/div>\n<\/div><\/figure>\n\n\n\n<p class=\"wp-block-paragraph\"><strong>Director: <\/strong><br>No\u00e9 Santill\u00e1n<br><strong>Fotograf\u00eda a\u00e9rea: <\/strong><br>Miguel Villegas \/ Gerardo Miranda<br><strong>Casa productora: <\/strong><br>Disney<\/p>\n\n\n\n<p class=\"wp-block-paragraph\"><\/p>\n","protected":false},"excerpt":{"rendered":"<p>Director: No\u00e9 Santill\u00e1nFotograf\u00eda a\u00e9rea: Miguel Villegas \/ Gerardo MirandaCasa productora: Disney<\/p>\n","protected":false},"author":1,"featured_media":630,"comment_status":"closed","ping_status":"closed","template":"","format":"standard","meta":{"footnotes":""},"jetpack-portfolio-type":[27],"jetpack-portfolio-tag":[],"class_list":["post-629","jetpack-portfolio","type-jetpack-portfolio","status-publish","format-standard","has-post-thumbnail","hentry","jetpack-portfolio-type-tvfilm"],"jetpack_sharing_enabled":true,"_links":{"self":[{"href":"http:\/\/aeronauta.com.mx\/aeronauta\/wp-json\/wp\/v2\/jetpack-portfolio\/629","targetHints":{"allow":["GET"]}}],"collection":[{"href":"http:\/\/aeronauta.com.mx\/aeronauta\/wp-json\/wp\/v2\/jetpack-portfolio"}],"about":[{"href":"http:\/\/aeronauta.com.mx\/aeronauta\/wp-json\/wp\/v2\/types\/jetpack-portfolio"}],"author":[{"embeddable":true,"href":"http:\/\/aeronauta.com.mx\/aeronauta\/wp-json\/wp\/v2\/users\/1"}],"replies":[{"embeddable":true,"href":"http:\/\/aeronauta.com.mx\/aeronauta\/wp-json\/wp\/v2\/comments?post=629"}],"version-history":[{"count":1,"href":"http:\/\/aeronauta.com.mx\/aeronauta\/wp-json\/wp\/v2\/jetpack-portfolio\/629\/revisions"}],"predecessor-version":[{"id":631,"href":"http:\/\/aeronauta.com.mx\/aeronauta\/wp-json\/wp\/v2\/jetpack-portfolio\/629\/revisions\/631"}],"wp:featuredmedia":[{"embeddable":true,"href":"http:\/\/aeronauta.com.mx\/aeronauta\/wp-json\/wp\/v2\/media\/630"}],"wp:attachment":[{"href":"http:\/\/aeronauta.com.mx\/aeronauta\/wp-json\/wp\/v2\/media?parent=629"}],"wp:term":[{"taxonomy":"jetpack-portfolio-type","embeddable":true,"href":"http:\/\/aeronauta.com.mx\/aeronauta\/wp-json\/wp\/v2\/jetpack-portfolio-type?post=629"},{"taxonomy":"jetpack-portfolio-tag","embeddable":true,"href":"http:\/\/aeronauta.com.mx\/aeronauta\/wp-json\/wp\/v2\/jetpack-portfolio-tag?post=629"}],"curies":[{"name":"wp","href":"https:\/\/api.w.org\/{rel}","templated":true}]}}

<figure class="wp-block-embed is-type-video is-provider-youtube wp-block-embed-youtube wp-embed-aspect-16-9 wp-has-aspect-ratio"><div class="wp-block-embed__wrapper">
<div class="jetpack-video-wrapper"><iframe loading="lazy" title="Entre Paredes | Tráiler oficial | Disney+" width="700" height="394" src="https://www.youtube.com/embed/CGeSaVMNfy8?feature=oembed" frameborder="0" allow="accelerometer; autoplay; clipboard-write; encrypted-media; gyroscope; picture-in-picture; web-share" referrerpolicy="strict-origin-when-cross-origin" allowfullscreen></iframe></div>
</div></figure>



<p class="wp-block-paragraph"><strong>Director: </strong><br>Noé Santillán<br><strong>Fotografía aérea: </strong><br>Miguel Villegas / Gerardo Miranda<br><strong>Casa productora: </strong><br>Disney</p>



<p class="wp-block-paragraph"></p>

<p>Director: Noé SantillánFotografía aérea: Miguel Villegas / Gerardo MirandaCasa productora: Disney</p>
